{"version":"1.0","provider_name":"MEYDAN.TV","provider_url":"https:\/\/www.meydan.tv\/az\/","author_name":"user-manager","author_url":"https:\/\/www.meydan.tv\/az\/article\/author\/user-manager\/","title":"\u015eu\u015fada \u201cXar\u0131b\u00fclb\u00fcl\u201d festival\u0131 ke\u00e7irilib - MEYDAN.TV","type":"rich","width":600,"height":338,"html":"<blockquote class=\"wp-embedded-content\" data-secret=\"OTOWDpXgaL\"><a href=\"https:\/\/www.meydan.tv\/az\/article\/susada-xaribulbul-festivali-kecirilib\/\">\u015eu\u015fada \u201cXar\u0131b\u00fclb\u00fcl\u201d festival\u0131 ke\u00e7irilib<\/a><\/blockquote><iframe sandbox=\"allow-scripts\" security=\"restricted\" src=\"https:\/\/www.meydan.tv\/az\/article\/susada-xaribulbul-festivali-kecirilib\/embed\/#?secret=OTOWDpXgaL\" width=\"600\" height=\"338\" title=\"&#8220;\u015eu\u015fada \u201cXar\u0131b\u00fclb\u00fcl\u201d festival\u0131 ke\u00e7irilib&#8221; &#8212; MEYDAN.TV\" data-secret=\"OTOWDpXgaL\" frameborder=\"0\" marginwidth=\"0\" marginheight=\"0\" scrolling=\"no\" class=\"wp-embedded-content\"><\/iframe><script>\n\/*! This file is auto-generated *\/\n!function(d,l){\"use strict\";l.querySelector&&d.addEventListener&&\"undefined\"!=typeof URL&&(d.wp=d.wp||{},d.wp.receiveEmbedMessage||(d.wp.receiveEmbedMessage=function(e){var t=e.data;if((t||t.secret||t.message||t.value)&&!\/[^a-zA-Z0-9]\/.test(t.secret)){for(var s,r,n,a=l.querySelectorAll('iframe[data-secret=\"'+t.secret+'\"]'),o=l.querySelectorAll('blockquote[data-secret=\"'+t.secret+'\"]'),c=new RegExp(\"^https?:$\",\"i\"),i=0;i<o.length;i++)o[i].style.display=\"none\";for(i=0;i<a.length;i++)s=a[i],e.source===s.contentWindow&&(s.removeAttribute(\"style\"),\"height\"===t.message?(1e3<(r=parseInt(t.value,10))?r=1e3:~~r<200&&(r=200),s.height=r):\"link\"===t.message&&(r=new URL(s.getAttribute(\"src\")),n=new URL(t.value),c.test(n.protocol))&&n.host===r.host&&l.activeElement===s&&(d.top.location.href=t.value))}},d.addEventListener(\"message\",d.wp.receiveEmbedMessage,!1),l.addEventListener(\"DOMContentLoaded\",function(){for(var e,t,s=l.querySelectorAll(\"iframe.wp-embedded-content\"),r=0;r<s.length;r++)(t=(e=s[r]).getAttribute(\"data-secret\"))||(t=Math.random().toString(36).substring(2,12),e.src+=\"#?secret=\"+t,e.setAttribute(\"data-secret\",t)),e.contentWindow.postMessage({message:\"ready\",secret:t},\"*\")},!1)))}(window,document);\n\/\/# sourceURL=https:\/\/www.meydan.tv\/wp-includes\/js\/wp-embed.min.js\n<\/script>\n","thumbnail_url":"https:\/\/www.meydan.tv\/wp-content\/uploads\/image_from_ios_w5wnfvx.jpg","thumbnail_width":946,"thumbnail_height":710,"description":"\u015eu\u015fan\u0131n r\u0259mzi olan g\u00fcl\u00fcn ad\u0131n\u0131 da\u015f\u0131yan \u201cXar\u0131b\u00fclb\u00fcl\u201d musiqi festival\u0131 ilk d\u0259f\u0259 1989-cu ilin may ay\u0131nda C\u0131d\u0131r d\u00fcz\u00fcnd\u0259 t\u0259\u015fkil olunub."}

Şuşada “Xarıbülbül” festivalı keçirilib - MEYDAN.TV

<blockquote class="wp-embedded-content" data-secret="OTOWDpXgaL"><a href="https://www.meydan.tv/az/article/susada-xaribulbul-festivali-kecirilib/">Şuşada “Xarıbülbül” festivalı keçirilib</a></blockquote><iframe sandbox="allow-scripts" security="restricted" src="https://www.meydan.tv/az/article/susada-xaribulbul-festivali-kecirilib/embed/#?secret=OTOWDpXgaL" width="600" height="338" title="&#8220;Şuşada “Xarıbülbül” festivalı keçirilib&#8221; &#8212; MEYDAN.TV" data-secret="OTOWDpXgaL" frameborder="0" marginwidth="0" marginheight="0" scrolling="no" class="wp-embedded-content"></iframe><script>
/*! This file is auto-generated */
!function(d,l){"use strict";l.querySelector&&d.addEventListener&&"undefined"!=typeof URL&&(d.wp=d.wp||{},d.wp.receiveEmbedMessage||(d.wp.receiveEmbedMessage=function(e){var t=e.data;if((t||t.secret||t.message||t.value)&&!/[^a-zA-Z0-9]/.test(t.secret)){for(var s,r,n,a=l.querySelectorAll('iframe[data-secret="'+t.secret+'"]'),o=l.querySelectorAll('blockquote[data-secret="'+t.secret+'"]'),c=new RegExp("^https?:$","i"),i=0;i<o.length;i++)o[i].style.display="none";for(i=0;i<a.length;i++)s=a[i],e.source===s.contentWindow&&(s.removeAttribute("style"),"height"===t.message?(1e3<(r=parseInt(t.value,10))?r=1e3:~~r<200&&(r=200),s.height=r):"link"===t.message&&(r=new URL(s.getAttribute("src")),n=new URL(t.value),c.test(n.protocol))&&n.host===r.host&&l.activeElement===s&&(d.top.location.href=t.value))}},d.addEventListener("message",d.wp.receiveEmbedMessage,!1),l.addEventListener("DOMContentLoaded",function(){for(var e,t,s=l.querySelectorAll("iframe.wp-embedded-content"),r=0;r<s.length;r++)(t=(e=s[r]).getAttribute("data-secret"))||(t=Math.random().toString(36).substring(2,12),e.src+="#?secret="+t,e.setAttribute("data-secret",t)),e.contentWindow.postMessage({message:"ready",secret:t},"*")},!1)))}(window,document);
//# sourceURL=https://www.meydan.tv/wp-includes/js/wp-embed.min.js
</script>

Şuşanın rəmzi olan gülün adını daşıyan “Xarıbülbül” musiqi festivalı ilk dəfə 1989-cu ilin may ayında Cıdır düzündə təşkil olunub.
