{"version":"1.0","provider_name":"MEYDAN.TV","provider_url":"https:\/\/www.meydan.tv\/az\/","author_name":"user-manager","author_url":"https:\/\/www.meydan.tv\/az\/article\/author\/user-manager\/","title":"Qaraba\u011f m\u00fcharib\u0259si veteran\u0131: V\u0259kil evimi \u0259limd\u0259n almaq ist\u0259yir - MEYDAN.TV","type":"rich","width":600,"height":338,"html":"<blockquote class=\"wp-embedded-content\" data-secret=\"aYMMr8kkeP\"><a href=\"https:\/\/www.meydan.tv\/az\/article\/qarabag-muharibesi-veterani-vekil-evimi-elimden-almaq-isteyir\/\">Qaraba\u011f m\u00fcharib\u0259si veteran\u0131: V\u0259kil evimi \u0259limd\u0259n almaq ist\u0259yir<\/a><\/blockquote><iframe sandbox=\"allow-scripts\" security=\"restricted\" src=\"https:\/\/www.meydan.tv\/az\/article\/qarabag-muharibesi-veterani-vekil-evimi-elimden-almaq-isteyir\/embed\/#?secret=aYMMr8kkeP\" width=\"600\" height=\"338\" title=\"&#8220;Qaraba\u011f m\u00fcharib\u0259si veteran\u0131: V\u0259kil evimi \u0259limd\u0259n almaq ist\u0259yir&#8221; &#8212; MEYDAN.TV\" data-secret=\"aYMMr8kkeP\" frameborder=\"0\" marginwidth=\"0\" marginheight=\"0\" scrolling=\"no\" class=\"wp-embedded-content\"><\/iframe><script>\n\/*! This file is auto-generated *\/\n!function(d,l){\"use strict\";l.querySelector&&d.addEventListener&&\"undefined\"!=typeof URL&&(d.wp=d.wp||{},d.wp.receiveEmbedMessage||(d.wp.receiveEmbedMessage=function(e){var t=e.data;if((t||t.secret||t.message||t.value)&&!\/[^a-zA-Z0-9]\/.test(t.secret)){for(var s,r,n,a=l.querySelectorAll('iframe[data-secret=\"'+t.secret+'\"]'),o=l.querySelectorAll('blockquote[data-secret=\"'+t.secret+'\"]'),c=new RegExp(\"^https?:$\",\"i\"),i=0;i<o.length;i++)o[i].style.display=\"none\";for(i=0;i<a.length;i++)s=a[i],e.source===s.contentWindow&&(s.removeAttribute(\"style\"),\"height\"===t.message?(1e3<(r=parseInt(t.value,10))?r=1e3:~~r<200&&(r=200),s.height=r):\"link\"===t.message&&(r=new URL(s.getAttribute(\"src\")),n=new URL(t.value),c.test(n.protocol))&&n.host===r.host&&l.activeElement===s&&(d.top.location.href=t.value))}},d.addEventListener(\"message\",d.wp.receiveEmbedMessage,!1),l.addEventListener(\"DOMContentLoaded\",function(){for(var e,t,s=l.querySelectorAll(\"iframe.wp-embedded-content\"),r=0;r<s.length;r++)(t=(e=s[r]).getAttribute(\"data-secret\"))||(t=Math.random().toString(36).substring(2,12),e.src+=\"#?secret=\"+t,e.setAttribute(\"data-secret\",t)),e.contentWindow.postMessage({message:\"ready\",secret:t},\"*\")},!1)))}(window,document);\n\/\/# sourceURL=https:\/\/www.meydan.tv\/wp-includes\/js\/wp-embed.min.js\n<\/script>\n","thumbnail_url":"https:\/\/www.meydan.tv\/wp-content\/uploads\/20191130_150523_1.jpg","thumbnail_width":1264,"thumbnail_height":711,"description":"\"S\u0259dr dedi ki, camaat\u0131n evini niy\u0259 bo\u015faltm\u0131rs\u0131n\u0131z, sual verdim ki, m\u0259nim m\u00fclk s\u0259n\u0259dim oldu\u011fu halda niy\u0259 bo\u015faltmal\u0131yam v\u0259 evi bo\u015fald\u0131b kim\u0259 ver\u0259siy\u0259m?\""}

Qarabağ müharibəsi veteranı: Vəkil evimi əlimdən almaq istəyir - MEYDAN.TV

<blockquote class="wp-embedded-content" data-secret="aYMMr8kkeP"><a href="https://www.meydan.tv/az/article/qarabag-muharibesi-veterani-vekil-evimi-elimden-almaq-isteyir/">Qarabağ müharibəsi veteranı: Vəkil evimi əlimdən almaq istəyir</a></blockquote><iframe sandbox="allow-scripts" security="restricted" src="https://www.meydan.tv/az/article/qarabag-muharibesi-veterani-vekil-evimi-elimden-almaq-isteyir/embed/#?secret=aYMMr8kkeP" width="600" height="338" title="&#8220;Qarabağ müharibəsi veteranı: Vəkil evimi əlimdən almaq istəyir&#8221; &#8212; MEYDAN.TV" data-secret="aYMMr8kkeP" frameborder="0" marginwidth="0" marginheight="0" scrolling="no" class="wp-embedded-content"></iframe><script>
/*! This file is auto-generated */
!function(d,l){"use strict";l.querySelector&&d.addEventListener&&"undefined"!=typeof URL&&(d.wp=d.wp||{},d.wp.receiveEmbedMessage||(d.wp.receiveEmbedMessage=function(e){var t=e.data;if((t||t.secret||t.message||t.value)&&!/[^a-zA-Z0-9]/.test(t.secret)){for(var s,r,n,a=l.querySelectorAll('iframe[data-secret="'+t.secret+'"]'),o=l.querySelectorAll('blockquote[data-secret="'+t.secret+'"]'),c=new RegExp("^https?:$","i"),i=0;i<o.length;i++)o[i].style.display="none";for(i=0;i<a.length;i++)s=a[i],e.source===s.contentWindow&&(s.removeAttribute("style"),"height"===t.message?(1e3<(r=parseInt(t.value,10))?r=1e3:~~r<200&&(r=200),s.height=r):"link"===t.message&&(r=new URL(s.getAttribute("src")),n=new URL(t.value),c.test(n.protocol))&&n.host===r.host&&l.activeElement===s&&(d.top.location.href=t.value))}},d.addEventListener("message",d.wp.receiveEmbedMessage,!1),l.addEventListener("DOMContentLoaded",function(){for(var e,t,s=l.querySelectorAll("iframe.wp-embedded-content"),r=0;r<s.length;r++)(t=(e=s[r]).getAttribute("data-secret"))||(t=Math.random().toString(36).substring(2,12),e.src+="#?secret="+t,e.setAttribute("data-secret",t)),e.contentWindow.postMessage({message:"ready",secret:t},"*")},!1)))}(window,document);
//# sourceURL=https://www.meydan.tv/wp-includes/js/wp-embed.min.js
</script>

"Sədr dedi ki, camaatın evini niyə boşaltmırsınız, sual verdim ki, mənim mülk sənədim olduğu halda niyə boşaltmalıyam və evi boşaldıb kimə verəsiyəm?"
