{"version":"1.0","provider_name":"MEYDAN.TV","provider_url":"https:\/\/www.meydan.tv\/az\/","author_name":"user-manager","author_url":"https:\/\/www.meydan.tv\/az\/article\/author\/user-manager\/","title":"N\u0259vaz \u015e\u0259rifin Az\u0259rbaycana status-kvo s\u0259f\u0259ri - MEYDAN.TV","type":"rich","width":600,"height":338,"html":"<blockquote class=\"wp-embedded-content\" data-secret=\"nkWE2UgJe0\"><a href=\"https:\/\/www.meydan.tv\/az\/article\/nevaz-serifin-azerbaycana-status-kvo-seferi\/\">N\u0259vaz \u015e\u0259rifin Az\u0259rbaycana status-kvo s\u0259f\u0259ri<\/a><\/blockquote><iframe sandbox=\"allow-scripts\" security=\"restricted\" src=\"https:\/\/www.meydan.tv\/az\/article\/nevaz-serifin-azerbaycana-status-kvo-seferi\/embed\/#?secret=nkWE2UgJe0\" width=\"600\" height=\"338\" title=\"&#8220;N\u0259vaz \u015e\u0259rifin Az\u0259rbaycana status-kvo s\u0259f\u0259ri&#8221; &#8212; MEYDAN.TV\" data-secret=\"nkWE2UgJe0\" frameborder=\"0\" marginwidth=\"0\" marginheight=\"0\" scrolling=\"no\" class=\"wp-embedded-content\"><\/iframe><script>\n\/*! This file is auto-generated *\/\n!function(d,l){\"use strict\";l.querySelector&&d.addEventListener&&\"undefined\"!=typeof URL&&(d.wp=d.wp||{},d.wp.receiveEmbedMessage||(d.wp.receiveEmbedMessage=function(e){var t=e.data;if((t||t.secret||t.message||t.value)&&!\/[^a-zA-Z0-9]\/.test(t.secret)){for(var s,r,n,a=l.querySelectorAll('iframe[data-secret=\"'+t.secret+'\"]'),o=l.querySelectorAll('blockquote[data-secret=\"'+t.secret+'\"]'),c=new RegExp(\"^https?:$\",\"i\"),i=0;i<o.length;i++)o[i].style.display=\"none\";for(i=0;i<a.length;i++)s=a[i],e.source===s.contentWindow&&(s.removeAttribute(\"style\"),\"height\"===t.message?(1e3<(r=parseInt(t.value,10))?r=1e3:~~r<200&&(r=200),s.height=r):\"link\"===t.message&&(r=new URL(s.getAttribute(\"src\")),n=new URL(t.value),c.test(n.protocol))&&n.host===r.host&&l.activeElement===s&&(d.top.location.href=t.value))}},d.addEventListener(\"message\",d.wp.receiveEmbedMessage,!1),l.addEventListener(\"DOMContentLoaded\",function(){for(var e,t,s=l.querySelectorAll(\"iframe.wp-embedded-content\"),r=0;r<s.length;r++)(t=(e=s[r]).getAttribute(\"data-secret\"))||(t=Math.random().toString(36).substring(2,12),e.src+=\"#?secret=\"+t,e.setAttribute(\"data-secret\",t)),e.contentWindow.postMessage({message:\"ready\",secret:t},\"*\")},!1)))}(window,document);\n\/\/# sourceURL=https:\/\/www.meydan.tv\/wp-includes\/js\/wp-embed.min.js\n<\/script>\n","thumbnail_url":"https:\/\/www.meydan.tv\/wp-content\/uploads\/27027.jpg","thumbnail_width":434,"thumbnail_height":400,"description":"\u00d6lk\u0259si v\u0259 \u00f6z\u00fc m\u00fcst\u0259qilliyi y\u00fcks\u0259k qiym\u0259tl\u0259ndir\u0259n ba\u015f nazir bilmirdi ki, Az\u0259rbaycanda prezidentin s\u0259r\u0259ncam\u0131 il\u0259 M\u00fcst\u0259qillik Bayram\u0131n\u0131n \u0259h\u0259miyy\u0259ti adi i\u015f g\u00fcn\u00fcn\u0259 q\u0259d\u0259r ki\u00e7ildilib v\u0259 el\u0259 b\u00f6y\u00fck \u0259h\u0259miyy\u0259t k\u0259sb etmir"}

Nəvaz Şərifin Azərbaycana status-kvo səfəri - MEYDAN.TV

<blockquote class="wp-embedded-content" data-secret="nkWE2UgJe0"><a href="https://www.meydan.tv/az/article/nevaz-serifin-azerbaycana-status-kvo-seferi/">Nəvaz Şərifin Azərbaycana status-kvo səfəri</a></blockquote><iframe sandbox="allow-scripts" security="restricted" src="https://www.meydan.tv/az/article/nevaz-serifin-azerbaycana-status-kvo-seferi/embed/#?secret=nkWE2UgJe0" width="600" height="338" title="&#8220;Nəvaz Şərifin Azərbaycana status-kvo səfəri&#8221; &#8212; MEYDAN.TV" data-secret="nkWE2UgJe0" frameborder="0" marginwidth="0" marginheight="0" scrolling="no" class="wp-embedded-content"></iframe><script>
/*! This file is auto-generated */
!function(d,l){"use strict";l.querySelector&&d.addEventListener&&"undefined"!=typeof URL&&(d.wp=d.wp||{},d.wp.receiveEmbedMessage||(d.wp.receiveEmbedMessage=function(e){var t=e.data;if((t||t.secret||t.message||t.value)&&!/[^a-zA-Z0-9]/.test(t.secret)){for(var s,r,n,a=l.querySelectorAll('iframe[data-secret="'+t.secret+'"]'),o=l.querySelectorAll('blockquote[data-secret="'+t.secret+'"]'),c=new RegExp("^https?:$","i"),i=0;i<o.length;i++)o[i].style.display="none";for(i=0;i<a.length;i++)s=a[i],e.source===s.contentWindow&&(s.removeAttribute("style"),"height"===t.message?(1e3<(r=parseInt(t.value,10))?r=1e3:~~r<200&&(r=200),s.height=r):"link"===t.message&&(r=new URL(s.getAttribute("src")),n=new URL(t.value),c.test(n.protocol))&&n.host===r.host&&l.activeElement===s&&(d.top.location.href=t.value))}},d.addEventListener("message",d.wp.receiveEmbedMessage,!1),l.addEventListener("DOMContentLoaded",function(){for(var e,t,s=l.querySelectorAll("iframe.wp-embedded-content"),r=0;r<s.length;r++)(t=(e=s[r]).getAttribute("data-secret"))||(t=Math.random().toString(36).substring(2,12),e.src+="#?secret="+t,e.setAttribute("data-secret",t)),e.contentWindow.postMessage({message:"ready",secret:t},"*")},!1)))}(window,document);
//# sourceURL=https://www.meydan.tv/wp-includes/js/wp-embed.min.js
</script>

Ölkəsi və özü müstəqilliyi yüksək qiymətləndirən baş nazir bilmirdi ki, Azərbaycanda prezidentin sərəncamı ilə Müstəqillik Bayramının əhəmiyyəti adi iş gününə qədər kiçildilib və elə böyük əhəmiyyət kəsb etmir
