{"version":"1.0","provider_name":"MEYDAN.TV","provider_url":"https:\/\/www.meydan.tv\/az\/","author_name":"user-manager","author_url":"https:\/\/www.meydan.tv\/az\/article\/author\/user-manager\/","title":"Kukla teatr\u0131n\u0131n direktoru beyn\u0259lxalq festivalda - MEYDAN.TV","type":"rich","width":600,"height":338,"html":"<blockquote class=\"wp-embedded-content\" data-secret=\"LxJGMdQOlW\"><a href=\"https:\/\/www.meydan.tv\/az\/article\/kukla-teatrinin-direktoru-beynelxalq-festivalda\/\">Kukla teatr\u0131n\u0131n direktoru beyn\u0259lxalq festivalda<\/a><\/blockquote><iframe sandbox=\"allow-scripts\" security=\"restricted\" src=\"https:\/\/www.meydan.tv\/az\/article\/kukla-teatrinin-direktoru-beynelxalq-festivalda\/embed\/#?secret=LxJGMdQOlW\" width=\"600\" height=\"338\" title=\"&#8220;Kukla teatr\u0131n\u0131n direktoru beyn\u0259lxalq festivalda&#8221; &#8212; MEYDAN.TV\" data-secret=\"LxJGMdQOlW\" frameborder=\"0\" marginwidth=\"0\" marginheight=\"0\" scrolling=\"no\" class=\"wp-embedded-content\"><\/iframe><script>\n\/*! This file is auto-generated *\/\n!function(d,l){\"use strict\";l.querySelector&&d.addEventListener&&\"undefined\"!=typeof URL&&(d.wp=d.wp||{},d.wp.receiveEmbedMessage||(d.wp.receiveEmbedMessage=function(e){var t=e.data;if((t||t.secret||t.message||t.value)&&!\/[^a-zA-Z0-9]\/.test(t.secret)){for(var s,r,n,a=l.querySelectorAll('iframe[data-secret=\"'+t.secret+'\"]'),o=l.querySelectorAll('blockquote[data-secret=\"'+t.secret+'\"]'),c=new RegExp(\"^https?:$\",\"i\"),i=0;i<o.length;i++)o[i].style.display=\"none\";for(i=0;i<a.length;i++)s=a[i],e.source===s.contentWindow&&(s.removeAttribute(\"style\"),\"height\"===t.message?(1e3<(r=parseInt(t.value,10))?r=1e3:~~r<200&&(r=200),s.height=r):\"link\"===t.message&&(r=new URL(s.getAttribute(\"src\")),n=new URL(t.value),c.test(n.protocol))&&n.host===r.host&&l.activeElement===s&&(d.top.location.href=t.value))}},d.addEventListener(\"message\",d.wp.receiveEmbedMessage,!1),l.addEventListener(\"DOMContentLoaded\",function(){for(var e,t,s=l.querySelectorAll(\"iframe.wp-embedded-content\"),r=0;r<s.length;r++)(t=(e=s[r]).getAttribute(\"data-secret\"))||(t=Math.random().toString(36).substring(2,12),e.src+=\"#?secret=\"+t,e.setAttribute(\"data-secret\",t)),e.contentWindow.postMessage({message:\"ready\",secret:t},\"*\")},!1)))}(window,document);\n\/\/# sourceURL=https:\/\/www.meydan.tv\/wp-includes\/js\/wp-embed.min.js\n<\/script>\n","thumbnail_url":"https:\/\/www.meydan.tv\/wp-content\/uploads\/abdulla___aiq_ad__na_d__vl__t_kukla_teatr__.jpg","thumbnail_width":1200,"thumbnail_height":900,"description":"Festival\u0131n t\u0259\u015fkilind\u0259 \u0259sas m\u0259qs\u0259d \u0259r\u0259b d\u00fcnyas\u0131nda o q\u0259d\u0259r d\u0259 tan\u0131nmayan monodrama diqq\u0259t \u00e7\u0259km\u0259k v\u0259 onu bir s\u0259n\u0259t n\u00f6v\u00fc kimi daha da inki\u015faf etdirm\u0259kdir."}

Kukla teatrının direktoru beynəlxalq festivalda - MEYDAN.TV

<blockquote class="wp-embedded-content" data-secret="LxJGMdQOlW"><a href="https://www.meydan.tv/az/article/kukla-teatrinin-direktoru-beynelxalq-festivalda/">Kukla teatrının direktoru beynəlxalq festivalda</a></blockquote><iframe sandbox="allow-scripts" security="restricted" src="https://www.meydan.tv/az/article/kukla-teatrinin-direktoru-beynelxalq-festivalda/embed/#?secret=LxJGMdQOlW" width="600" height="338" title="&#8220;Kukla teatrının direktoru beynəlxalq festivalda&#8221; &#8212; MEYDAN.TV" data-secret="LxJGMdQOlW" frameborder="0" marginwidth="0" marginheight="0" scrolling="no" class="wp-embedded-content"></iframe><script>
/*! This file is auto-generated */
!function(d,l){"use strict";l.querySelector&&d.addEventListener&&"undefined"!=typeof URL&&(d.wp=d.wp||{},d.wp.receiveEmbedMessage||(d.wp.receiveEmbedMessage=function(e){var t=e.data;if((t||t.secret||t.message||t.value)&&!/[^a-zA-Z0-9]/.test(t.secret)){for(var s,r,n,a=l.querySelectorAll('iframe[data-secret="'+t.secret+'"]'),o=l.querySelectorAll('blockquote[data-secret="'+t.secret+'"]'),c=new RegExp("^https?:$","i"),i=0;i<o.length;i++)o[i].style.display="none";for(i=0;i<a.length;i++)s=a[i],e.source===s.contentWindow&&(s.removeAttribute("style"),"height"===t.message?(1e3<(r=parseInt(t.value,10))?r=1e3:~~r<200&&(r=200),s.height=r):"link"===t.message&&(r=new URL(s.getAttribute("src")),n=new URL(t.value),c.test(n.protocol))&&n.host===r.host&&l.activeElement===s&&(d.top.location.href=t.value))}},d.addEventListener("message",d.wp.receiveEmbedMessage,!1),l.addEventListener("DOMContentLoaded",function(){for(var e,t,s=l.querySelectorAll("iframe.wp-embedded-content"),r=0;r<s.length;r++)(t=(e=s[r]).getAttribute("data-secret"))||(t=Math.random().toString(36).substring(2,12),e.src+="#?secret="+t,e.setAttribute("data-secret",t)),e.contentWindow.postMessage({message:"ready",secret:t},"*")},!1)))}(window,document);
//# sourceURL=https://www.meydan.tv/wp-includes/js/wp-embed.min.js
</script>

Festivalın təşkilində əsas məqsəd ərəb dünyasında o qədər də tanınmayan monodrama diqqət çəkmək və onu bir sənət növü kimi daha da inkişaf etdirməkdir.
