{"version":"1.0","provider_name":"MEYDAN.TV","provider_url":"https:\/\/www.meydan.tv\/az\/","author_name":"user-manager","author_url":"https:\/\/www.meydan.tv\/az\/article\/author\/user-manager\/","title":"\u0130lham \u018fliyev: 3 il\u0259 La\u00e7\u0131n \u015f\u0259h\u0259ri Az\u0259rbaycana qaytar\u0131lacaq - MEYDAN.TV","type":"rich","width":600,"height":338,"html":"<blockquote class=\"wp-embedded-content\" data-secret=\"qbC5SwvwQe\"><a href=\"https:\/\/www.meydan.tv\/az\/article\/ilham-eliyev-3-ile-lacin-seheri-azerbaycana-qaytarilacaq\/\">\u0130lham \u018fliyev: 3 il\u0259 La\u00e7\u0131n \u015f\u0259h\u0259ri Az\u0259rbaycana qaytar\u0131lacaq<\/a><\/blockquote><iframe sandbox=\"allow-scripts\" security=\"restricted\" src=\"https:\/\/www.meydan.tv\/az\/article\/ilham-eliyev-3-ile-lacin-seheri-azerbaycana-qaytarilacaq\/embed\/#?secret=qbC5SwvwQe\" width=\"600\" height=\"338\" title=\"&#8220;\u0130lham \u018fliyev: 3 il\u0259 La\u00e7\u0131n \u015f\u0259h\u0259ri Az\u0259rbaycana qaytar\u0131lacaq&#8221; &#8212; MEYDAN.TV\" data-secret=\"qbC5SwvwQe\" frameborder=\"0\" marginwidth=\"0\" marginheight=\"0\" scrolling=\"no\" class=\"wp-embedded-content\"><\/iframe><script>\n\/*! This file is auto-generated *\/\n!function(d,l){\"use strict\";l.querySelector&&d.addEventListener&&\"undefined\"!=typeof URL&&(d.wp=d.wp||{},d.wp.receiveEmbedMessage||(d.wp.receiveEmbedMessage=function(e){var t=e.data;if((t||t.secret||t.message||t.value)&&!\/[^a-zA-Z0-9]\/.test(t.secret)){for(var s,r,n,a=l.querySelectorAll('iframe[data-secret=\"'+t.secret+'\"]'),o=l.querySelectorAll('blockquote[data-secret=\"'+t.secret+'\"]'),c=new RegExp(\"^https?:$\",\"i\"),i=0;i<o.length;i++)o[i].style.display=\"none\";for(i=0;i<a.length;i++)s=a[i],e.source===s.contentWindow&&(s.removeAttribute(\"style\"),\"height\"===t.message?(1e3<(r=parseInt(t.value,10))?r=1e3:~~r<200&&(r=200),s.height=r):\"link\"===t.message&&(r=new URL(s.getAttribute(\"src\")),n=new URL(t.value),c.test(n.protocol))&&n.host===r.host&&l.activeElement===s&&(d.top.location.href=t.value))}},d.addEventListener(\"message\",d.wp.receiveEmbedMessage,!1),l.addEventListener(\"DOMContentLoaded\",function(){for(var e,t,s=l.querySelectorAll(\"iframe.wp-embedded-content\"),r=0;r<s.length;r++)(t=(e=s[r]).getAttribute(\"data-secret\"))||(t=Math.random().toString(36).substring(2,12),e.src+=\"#?secret=\"+t,e.setAttribute(\"data-secret\",t)),e.contentWindow.postMessage({message:\"ready\",secret:t},\"*\")},!1)))}(window,document);\n\/\/# sourceURL=https:\/\/www.meydan.tv\/wp-includes\/js\/wp-embed.min.js\n<\/script>\n","thumbnail_url":"https:\/\/www.meydan.tv\/wp-content\/uploads\/001_zgetkaf.jpg","thumbnail_width":2360,"thumbnail_height":1196,"description":"\"Yad\u0131mdad\u0131r, erm\u0259ni t\u0259bli\u011fat\u0131, erm\u0259ni lobbisi v\u0259 erm\u0259nip\u0259r\u0259st xarici dair\u0259l\u0259r t\u0259r\u0259find\u0259n apar\u0131lm\u0131\u015f kampaniya n\u0259tic\u0259sind\u0259 D\u00fcnya Bank\u0131 bir il \u0259rzind\u0259 biz\u0259 veril\u0259c\u0259k v\u0259saitin verilm\u0259sini t\u0259xir\u0259 sald\u0131, dayand\u0131rd\u0131, m\u00fcxt\u0259lif b\u0259han\u0259l\u0259rl\u0259, guya ekoloji standartlar pozulur\"."}

İlham Əliyev: 3 ilə Laçın şəhəri Azərbaycana qaytarılacaq - MEYDAN.TV

<blockquote class="wp-embedded-content" data-secret="qbC5SwvwQe"><a href="https://www.meydan.tv/az/article/ilham-eliyev-3-ile-lacin-seheri-azerbaycana-qaytarilacaq/">İlham Əliyev: 3 ilə Laçın şəhəri Azərbaycana qaytarılacaq</a></blockquote><iframe sandbox="allow-scripts" security="restricted" src="https://www.meydan.tv/az/article/ilham-eliyev-3-ile-lacin-seheri-azerbaycana-qaytarilacaq/embed/#?secret=qbC5SwvwQe" width="600" height="338" title="&#8220;İlham Əliyev: 3 ilə Laçın şəhəri Azərbaycana qaytarılacaq&#8221; &#8212; MEYDAN.TV" data-secret="qbC5SwvwQe" frameborder="0" marginwidth="0" marginheight="0" scrolling="no" class="wp-embedded-content"></iframe><script>
/*! This file is auto-generated */
!function(d,l){"use strict";l.querySelector&&d.addEventListener&&"undefined"!=typeof URL&&(d.wp=d.wp||{},d.wp.receiveEmbedMessage||(d.wp.receiveEmbedMessage=function(e){var t=e.data;if((t||t.secret||t.message||t.value)&&!/[^a-zA-Z0-9]/.test(t.secret)){for(var s,r,n,a=l.querySelectorAll('iframe[data-secret="'+t.secret+'"]'),o=l.querySelectorAll('blockquote[data-secret="'+t.secret+'"]'),c=new RegExp("^https?:$","i"),i=0;i<o.length;i++)o[i].style.display="none";for(i=0;i<a.length;i++)s=a[i],e.source===s.contentWindow&&(s.removeAttribute("style"),"height"===t.message?(1e3<(r=parseInt(t.value,10))?r=1e3:~~r<200&&(r=200),s.height=r):"link"===t.message&&(r=new URL(s.getAttribute("src")),n=new URL(t.value),c.test(n.protocol))&&n.host===r.host&&l.activeElement===s&&(d.top.location.href=t.value))}},d.addEventListener("message",d.wp.receiveEmbedMessage,!1),l.addEventListener("DOMContentLoaded",function(){for(var e,t,s=l.querySelectorAll("iframe.wp-embedded-content"),r=0;r<s.length;r++)(t=(e=s[r]).getAttribute("data-secret"))||(t=Math.random().toString(36).substring(2,12),e.src+="#?secret="+t,e.setAttribute("data-secret",t)),e.contentWindow.postMessage({message:"ready",secret:t},"*")},!1)))}(window,document);
//# sourceURL=https://www.meydan.tv/wp-includes/js/wp-embed.min.js
</script>

"Yadımdadır, erməni təbliğatı, erməni lobbisi və ermənipərəst xarici dairələr tərəfindən aparılmış kampaniya nəticəsində Dünya Bankı bir il ərzində bizə veriləcək vəsaitin verilməsini təxirə saldı, dayandırdı, müxtəlif bəhanələrlə, guya ekoloji standartlar pozulur".
